{"id":132,"date":"2016-08-03T10:01:28","date_gmt":"2016-08-03T07:01:28","guid":{"rendered":"http:\/\/www.enmistemizlik.com\/?page_id=132"},"modified":"2024-01-03T15:17:35","modified_gmt":"2024-01-03T12:17:35","slug":"sosyal-hizmet-personeli","status":"publish","type":"page","link":"https:\/\/www.enmistemizlik.com\/index.php\/hizmetlerimiz\/sosyal-hizmet-personeli","title":{"rendered":"Sosyal Hizmet Personeli"},"content":{"rendered":"<figure id=\"attachment_133\" aria-describedby=\"caption-attachment-133\" style=\"width: 300px\" class=\"wp-caption alignleft\"><a href=\"http:\/\/www.enmistemizlik.com\/wp-content\/uploads\/2016\/08\/sosyal-hizmetler-personel-temini-3.jpg\"><img loading=\"lazy\" decoding=\"async\" class=\"wp-image-133 size-medium\" src=\"http:\/\/www.enmistemizlik.com\/wp-content\/uploads\/2016\/08\/sosyal-hizmetler-personel-temini-3-300x209.jpg\" alt=\"Sosyal Hizmet Personeli\" width=\"300\" height=\"209\" srcset=\"https:\/\/www.enmistemizlik.com\/wp-content\/uploads\/2016\/08\/sosyal-hizmetler-personel-temini-3-300x209.jpg 300w, https:\/\/www.enmistemizlik.com\/wp-content\/uploads\/2016\/08\/sosyal-hizmetler-personel-temini-3.jpg 393w\" sizes=\"(max-width: 300px) 100vw, 300px\" \/><\/a><figcaption id=\"caption-attachment-133\" class=\"wp-caption-text\">Sosyal Hizmet Personeli<\/figcaption><\/figure>\n<p><strong><a href=\"https:\/\/enmis-temizlik-ve-sosyal-hizmetler.business.site\/\">Sosyal Hizmet Personeli<\/a><\/strong> Nedir?<\/p>\n<p>\u0130dari i\u015flerin ve sat\u0131n alman\u0131n y\u00fck\u00fcn\u00fc hafifletmektir. Enmis <strong><a href=\"https:\/\/enmis-temizlik-ve-sosyal-hizmetler.business.site\/\">Temizlik<\/a><\/strong>&nbsp;olarak Kurum ve Kurulu\u015flar\u0131n y\u00fck\u00fcn\u00fc hafifletmek Personel temini, Vas\u0131fl\u0131 -Vas\u0131fs\u0131z, S\u00f6zle\u015fmeli, G\u00fcnl\u00fck y\u00f6vmiyeci personeller tedarik etmektedir. Personellerin sorumlulu\u011fu ile y\u00fck\u00fcml\u00fcd\u00fcr.<\/p>\n<p>Enmis Temizlik Hizmetler; Profesyonel kadrosu ile D\u00fcnya\u2019daki mesleki teknolojik geli\u015fmeleri yak\u0131ndan takip edip, kalitesi uluslararas\u0131 standartlarda \u00fcr\u00fcnler kullanarak, al\u0131\u015f\u0131lm\u0131\u015f temizlik ve hijyen s\u0131n\u0131rlar\u0131n\u0131 zorlayarak sekt\u00f6rde sayg\u0131n bir \u015fekilde hizmet vermeyi ilke edinmi\u015ftir.<\/p>\n<p>Her t\u00fcrl\u00fc ta\u015feronluk hizmeti, &nbsp;sorunlar\u0131n\u0131za \u00e7\u00f6z\u00fcm \u00fcretmek i\u00e7in sizlere uzun y\u0131llard\u0131r ayn\u0131 kalitede hizmet vermektedir.<\/p>\n<p>&nbsp;<\/p>\n<p>Firmam\u0131z 2004 y\u0131l\u0131nda merkezinde kurulmu\u015f&nbsp;<strong><a href=\"https:\/\/enmis-temizlik-ve-sosyal-hizmetler.business.site\/\">Gebze Temizlik<\/a><\/strong>,&nbsp;<strong><a href=\"https:\/\/enmis-temizlik-ve-sosyal-hizmetler.business.site\/\">\u0130stanbul Temizlik,<\/a>&nbsp;<\/strong>ve&nbsp;<strong><a href=\"https:\/\/enmis-temizlik-ve-sosyal-hizmetler.business.site\/\">Sakarya temizlik<\/a><\/strong>&nbsp;<a href=\"https:\/\/enmis-temizlik-ve-sosyal-hizmetler.business.site\/\"><strong>\u015firketleri<\/strong>&nbsp;<\/a>aras\u0131nda hizmeti vermektedir, y\u0131llar\u0131n birikimi i\u015f tecr\u00fcbesi ile g\u00fcn\u00fcm\u00fcze kadar&nbsp;<strong><a href=\"https:\/\/enmis-temizlik-ve-sosyal-hizmetler.business.site\/\">temizlik hizmeti<\/a><\/strong>&nbsp;veren firmam\u0131z 12 y\u0131ll\u0131k i\u015f tecr\u00fcbesi ile amat\u00f6rl\u00fc\u011f\u00fcn\u00fc, profesyonelli\u011fe b\u0131rakarak&nbsp;<strong>Enmis&nbsp;<a href=\"https:\/\/enmis-temizlik-ve-sosyal-hizmetler.business.site\/\">temizlik \u015firketi<\/a><\/strong>&nbsp;olarak 2016 y\u0131l\u0131nda yeni yap\u0131lanma ile &nbsp;i\u015f g\u00fcc\u00fcn\u00fc artt\u0131rm\u0131\u015f, b\u00fcnyesine bir \u00e7ok&nbsp;<a href=\"https:\/\/enmis-temizlik-ve-sosyal-hizmetler.business.site\/\">temizlik makinesi<\/a>&nbsp;ve ekipman eklemi\u015ftir.&nbsp;<strong><a href=\"https:\/\/enmis-temizlik-ve-sosyal-hizmetler.business.site\/\">Gebze Temizlik Firmas\u0131<\/a><\/strong>&nbsp;olarak Firmam\u0131z Kocaeli, Gebze, Sakarya, ve \u0130stanbul b\u00f6lgelerinde profesyonel ekibimiz ile yerinde mobil temizlik hizmeti vermektedir.<\/p>\n","protected":false},"excerpt":{"rendered":"<p>Sosyal Hizmet Personeli Nedir? \u0130dari i\u015flerin ve sat\u0131n alman\u0131n y\u00fck\u00fcn\u00fc hafifletmektir. Enmis Temizlik&nbsp;olarak Kurum ve Kurulu\u015flar\u0131n y\u00fck\u00fcn\u00fc hafifletmek Personel temini, Vas\u0131fl\u0131 -Vas\u0131fs\u0131z, S\u00f6zle\u015fmeli, G\u00fcnl\u00fck y\u00f6vmiyeci personeller tedarik etmektedir. Personellerin sorumlulu\u011fu ile y\u00fck\u00fcml\u00fcd\u00fcr. Enmis Temizlik Hizmetler; Profesyonel kadrosu ile D\u00fcnya\u2019daki mesleki teknolojik geli\u015fmeleri yak\u0131ndan takip edip, kalitesi uluslararas\u0131 standartlarda \u00fcr\u00fcnler kullanarak, al\u0131\u015f\u0131lm\u0131\u015f temizlik ve hijyen s\u0131n\u0131rlar\u0131n\u0131&#8230;<\/p>\n","protected":false},"author":1,"featured_media":0,"parent":90,"menu_order":0,"comment_status":"closed","ping_status":"closed","template":"","meta":{"content-type":"","ngg_post_thumbnail":0,"footnotes":""},"_links":{"self":[{"href":"https:\/\/www.enmistemizlik.com\/index.php\/wp-json\/wp\/v2\/pages\/132"}],"collection":[{"href":"https:\/\/www.enmistemizlik.com\/index.php\/wp-json\/wp\/v2\/pages"}],"about":[{"href":"https:\/\/www.enmistemizlik.com\/index.php\/wp-json\/wp\/v2\/types\/page"}],"author":[{"embeddable":true,"href":"https:\/\/www.enmistemizlik.com\/index.php\/wp-json\/wp\/v2\/users\/1"}],"replies":[{"embeddable":true,"href":"https:\/\/www.enmistemizlik.com\/index.php\/wp-json\/wp\/v2\/comments?post=132"}],"version-history":[{"count":3,"href":"https:\/\/www.enmistemizlik.com\/index.php\/wp-json\/wp\/v2\/pages\/132\/revisions"}],"predecessor-version":[{"id":763,"href":"https:\/\/www.enmistemizlik.com\/index.php\/wp-json\/wp\/v2\/pages\/132\/revisions\/763"}],"up":[{"embeddable":true,"href":"https:\/\/www.enmistemizlik.com\/index.php\/wp-json\/wp\/v2\/pages\/90"}],"wp:attachment":[{"href":"https:\/\/www.enmistemizlik.com\/index.php\/wp-json\/wp\/v2\/media?parent=132"}],"curies":[{"name":"wp","href":"https:\/\/api.w.org\/{rel}","templated":true}]}}

<figure id="attachment_133" aria-describedby="caption-attachment-133" style="width: 300px" class="wp-caption alignleft"><a href="http://www.enmistemizlik.com/wp-content/uploads/2016/08/sosyal-hizmetler-personel-temini-3.jpg"><img loading="lazy" decoding="async" class="wp-image-133 size-medium" src="http://www.enmistemizlik.com/wp-content/uploads/2016/08/sosyal-hizmetler-personel-temini-3-300x209.jpg" alt="Sosyal Hizmet Personeli" width="300" height="209" srcset="https://www.enmistemizlik.com/wp-content/uploads/2016/08/sosyal-hizmetler-personel-temini-3-300x209.jpg 300w, https://www.enmistemizlik.com/wp-content/uploads/2016/08/sosyal-hizmetler-personel-temini-3.jpg 393w" sizes="(max-width: 300px) 100vw, 300px" /></a><figcaption id="caption-attachment-133" class="wp-caption-text">Sosyal Hizmet Personeli</figcaption></figure>
<p><strong><a href="https://enmis-temizlik-ve-sosyal-hizmetler.business.site/">Sosyal Hizmet Personeli</a></strong> Nedir?</p>
<p>İdari işlerin ve satın almanın yükünü hafifletmektir. Enmis <strong><a href="https://enmis-temizlik-ve-sosyal-hizmetler.business.site/">Temizlik</a></strong>&nbsp;olarak Kurum ve Kuruluşların yükünü hafifletmek Personel temini, Vasıflı -Vasıfsız, Sözleşmeli, Günlük yövmiyeci personeller tedarik etmektedir. Personellerin sorumluluğu ile yükümlüdür.</p>
<p>Enmis Temizlik Hizmetler; Profesyonel kadrosu ile Dünya’daki mesleki teknolojik gelişmeleri yakından takip edip, kalitesi uluslararası standartlarda ürünler kullanarak, alışılmış temizlik ve hijyen sınırlarını zorlayarak sektörde saygın bir şekilde hizmet vermeyi ilke edinmiştir.</p>
<p>Her türlü taşeronluk hizmeti, &nbsp;sorunlarınıza çözüm üretmek için sizlere uzun yıllardır aynı kalitede hizmet vermektedir.</p>
<p>&nbsp;</p>
<p>Firmamız 2004 yılında merkezinde kurulmuş&nbsp;<strong><a href="https://enmis-temizlik-ve-sosyal-hizmetler.business.site/">Gebze Temizlik</a></strong>,&nbsp;<strong><a href="https://enmis-temizlik-ve-sosyal-hizmetler.business.site/">İstanbul Temizlik,</a>&nbsp;</strong>ve&nbsp;<strong><a href="https://enmis-temizlik-ve-sosyal-hizmetler.business.site/">Sakarya temizlik</a></strong>&nbsp;<a href="https://enmis-temizlik-ve-sosyal-hizmetler.business.site/"><strong>şirketleri</strong>&nbsp;</a>arasında hizmeti vermektedir, yılların birikimi iş tecrübesi ile günümüze kadar&nbsp;<strong><a href="https://enmis-temizlik-ve-sosyal-hizmetler.business.site/">temizlik hizmeti</a></strong>&nbsp;veren firmamız 12 yıllık iş tecrübesi ile amatörlüğünü, profesyonelliğe bırakarak&nbsp;<strong>Enmis&nbsp;<a href="https://enmis-temizlik-ve-sosyal-hizmetler.business.site/">temizlik şirketi</a></strong>&nbsp;olarak 2016 yılında yeni yapılanma ile &nbsp;iş gücünü arttırmış, bünyesine bir çok&nbsp;<a href="https://enmis-temizlik-ve-sosyal-hizmetler.business.site/">temizlik makinesi</a>&nbsp;ve ekipman eklemiştir.&nbsp;<strong><a href="https://enmis-temizlik-ve-sosyal-hizmetler.business.site/">Gebze Temizlik Firması</a></strong>&nbsp;olarak Firmamız Kocaeli, Gebze, Sakarya, ve İstanbul bölgelerinde profesyonel ekibimiz ile yerinde mobil temizlik hizmeti vermektedir.</p>

<p>Sosyal Hizmet Personeli Nedir? İdari işlerin ve satın almanın yükünü hafifletmektir. Enmis Temizlik&nbsp;olarak Kurum ve Kuruluşların yükünü hafifletmek Personel temini, Vasıflı -Vasıfsız, Sözleşmeli, Günlük yövmiyeci personeller tedarik etmektedir. Personellerin sorumluluğu ile yükümlüdür. Enmis Temizlik Hizmetler; Profesyonel kadrosu ile Dünya’daki mesleki teknolojik gelişmeleri yakından takip edip, kalitesi uluslararası standartlarda ürünler kullanarak, alışılmış temizlik ve hijyen sınırlarını&#8230;</p>
