{"id":119,"date":"2016-08-03T09:36:52","date_gmt":"2016-08-03T06:36:52","guid":{"rendered":"http:\/\/www.enmistemizlik.com\/?page_id=119"},"modified":"2024-01-03T15:17:35","modified_gmt":"2024-01-03T12:17:35","slug":"insaat-sonrasi-temizlik","status":"publish","type":"page","link":"https:\/\/www.enmistemizlik.com\/index.php\/hizmetlerimiz\/insaat-sonrasi-temizlik","title":{"rendered":"\u0130n\u015faat Sonras\u0131 Temizlik"},"content":{"rendered":"<p><strong>\u0130n\u015faat sonras\u0131 temizli\u011fi<\/strong> en zor temizliklerden bir tanesidir. Evinizde veya i\u015fyerinizde tadilat yapt\u0131rd\u0131n\u0131z veya yeni bir ev ald\u0131n\u0131z, her yer moloz kal\u0131nt\u0131lar\u0131, har\u00e7lar, fayanslarda ve parkelerde al\u00e7\u0131, s\u0131va kal\u0131nt\u0131lar\u0131, boya ve kire\u00e7 kal\u0131nt\u0131lar\u0131 g\u00f6z\u00fcn\u00fcz\u00fc m\u00fc korkutuyor? Korkutmas\u0131n <strong>gebze Temizlik<\/strong> burada.<\/p>\n<p>Elemanlar\u0131m\u0131z\u0131n her biri kendi alan\u0131nda uzmanla\u015fm\u0131\u015f bireylerden olu\u015fur. Temizlik yap\u0131lacak mekana girildikten sonra yap\u0131lacak i\u015fler ve kullan\u0131lacak malzeme tespit edilir ve i\u015f payla\u015f\u0131m\u0131 yap\u0131larak temizli\u011fe ba\u015flan\u0131r.<\/p>\n<p>Eleman 1: Camlardaki bantlar\u0131, har\u00e7 ve boyalar\u0131 \u00f6zel kimyasal ila\u00e7larla yumu\u015fat\u0131p cam kaz\u0131y\u0131c\u0131 yard\u0131m\u0131yla temizler. Daha sonra camlara \u00f6zel aletlerle camlar\u0131 siler .<\/p>\n<p>Eleman 2: Zeminde bulunan boya al\u00e7\u0131 har\u00e7 kal\u0131nt\u0131lar\u0131n\u0131n \u00f6nce kimyasal ila\u00e7larla yumu\u015fat\u0131larak daha sonra noktasal olarak kaz\u0131y\u0131c\u0131 ve di\u011fer ekipmanlar\u0131m\u0131zla temizli\u011fi yapar<\/p>\n<p>Eleman 3: WC ve lavabolar\u0131n ve mevcut fayanslar\u0131n uygun kimyasallarla temizli\u011fini yapar.<\/p>\n<p>Eleman 4: Mutfak dolaplar\u0131n i\u00e7ini ve d\u0131\u015f\u0131n\u0131n temizli\u011fini yapar . Son olarak i\u015flerini bitiren elemanlar zemini s\u0131f\u0131rlayarak oda, oda i\u015fi bitirip siz de\u011ferli m\u00fc\u015fterilerimizin hizmetine sunarlar. Firmam\u0131z\u0131n temizlik esnas\u0131nda kulland\u0131\u011f\u0131 \u00fcr\u00fcnler (TSE) standartlar\u0131na uygun olup uyguland\u0131\u011f\u0131 b\u00f6lgede temizlik esnas\u0131nda hassas y\u00fczeylere zarar vermez.<\/p>\n<p>\u0130n\u015faat ve tadilat sonras\u0131 temizlik alan\u0131nda hizmet veren bir temizlik firmas\u0131 olarak en kaliteli ve en uygun fiyat se\u00e7enekleri ile siz de\u011ferli m\u00fc\u015fterilerimize hizmet sunmaktay\u0131z. NOT: \u0130daa ediyoruz Enmis Temizlik \u0130n\u015faat sonras\u0131 ve tadilat sonras\u0131 denince 10 y\u0131ll\u0131k tecr\u00fcbe ve uzman kadrosu ile siz de\u011ferli m\u00fc\u015fterilerimize %100 menuniyet garantisi veriyoruz. HiZMETLER\u0130M\u0130Z Enmis Temizlik \u0130n\u015faat Sonras\u0131 Temizlik, \u0130n\u015faat Sonras\u0131 Temizlik Enmis Temizlik, \u0130n\u015faat Sonras\u0131 temizlik Firmalar\u0131,\u0130n\u015fat Sonras\u0131 Temizlik \u015eirketleri, Enmis Temizlik \u0130n\u015faat Temizli\u011fi,\u0130n\u015faat Sonras\u0131 Temizli\u011fi Enmis Temizlik,Enmis Temizlik Tadilat Sonras\u0131 Temizlik,Tadilat Sonras\u0131 Temizlik, Firmas\u0131 Enmis Temizlik PVC BANTLARINA KES\u0130N \u00c7\u00d6Z\u00dcM BASIN\u00c7LI BUHAR MAK\u0130NES\u0130 \u0130LE T\u00dcM BANTLARI VE BOYA KALINTILARINI ORTADAN KALDIRIYORUZ&#8230;<\/p>\n","protected":false},"excerpt":{"rendered":"<p>\u0130n\u015faat sonras\u0131 temizli\u011fi en zor temizliklerden bir tanesidir. Evinizde veya i\u015fyerinizde tadilat yapt\u0131rd\u0131n\u0131z veya yeni bir ev ald\u0131n\u0131z, her yer moloz kal\u0131nt\u0131lar\u0131, har\u00e7lar, fayanslarda ve parkelerde al\u00e7\u0131, s\u0131va kal\u0131nt\u0131lar\u0131, boya ve kire\u00e7 kal\u0131nt\u0131lar\u0131 g\u00f6z\u00fcn\u00fcz\u00fc m\u00fc korkutuyor? Korkutmas\u0131n gebze Temizlik burada. Elemanlar\u0131m\u0131z\u0131n her biri kendi alan\u0131nda uzmanla\u015fm\u0131\u015f bireylerden olu\u015fur. Temizlik yap\u0131lacak mekana girildikten sonra yap\u0131lacak i\u015fler&#8230;<\/p>\n","protected":false},"author":1,"featured_media":0,"parent":90,"menu_order":0,"comment_status":"closed","ping_status":"closed","template":"","meta":{"content-type":"","ngg_post_thumbnail":0,"footnotes":""},"_links":{"self":[{"href":"https:\/\/www.enmistemizlik.com\/index.php\/wp-json\/wp\/v2\/pages\/119"}],"collection":[{"href":"https:\/\/www.enmistemizlik.com\/index.php\/wp-json\/wp\/v2\/pages"}],"about":[{"href":"https:\/\/www.enmistemizlik.com\/index.php\/wp-json\/wp\/v2\/types\/page"}],"author":[{"embeddable":true,"href":"https:\/\/www.enmistemizlik.com\/index.php\/wp-json\/wp\/v2\/users\/1"}],"replies":[{"embeddable":true,"href":"https:\/\/www.enmistemizlik.com\/index.php\/wp-json\/wp\/v2\/comments?post=119"}],"version-history":[{"count":5,"href":"https:\/\/www.enmistemizlik.com\/index.php\/wp-json\/wp\/v2\/pages\/119\/revisions"}],"predecessor-version":[{"id":816,"href":"https:\/\/www.enmistemizlik.com\/index.php\/wp-json\/wp\/v2\/pages\/119\/revisions\/816"}],"up":[{"embeddable":true,"href":"https:\/\/www.enmistemizlik.com\/index.php\/wp-json\/wp\/v2\/pages\/90"}],"wp:attachment":[{"href":"https:\/\/www.enmistemizlik.com\/index.php\/wp-json\/wp\/v2\/media?parent=119"}],"curies":[{"name":"wp","href":"https:\/\/api.w.org\/{rel}","templated":true}]}}